= -3*l. Let u = 239 - l. What is the units digit of u?
9
Let x(b) = -11*b + 12. Let r be x(0). What is the hundreds digit of (80/r)/10*1377?
9
Let i = -345 - -276. Let w = 322 + i. What is the units digit of w?
3
Let r be 63/84 + 29/4. Let o(t) = -t**3 + 7*t**2 + 8*t + 12. Let v be o(r). Let f(m) = -m**2 + 16*m - 8. What is the units digit of f(v)?
0
Let d be (-4)/(-7) - -12*(-6)/(-21). Let j = -4 + d. Suppose j = -3*w - 0*w + 396. What is the tens digit of w?
3
Let r = -2 + 6. Let p(g) = g + 11. Let f be p(-10). What is the units digit of (3 - r - f) + 63?
1
Let d be 88/10*(-20)/(-8). Let s = -923 - -940. Let p = d - s. What is the units digit of p?
5
Let i be (-1452)/9*(-12)/8. Suppose 0 = -5*v - 4*p - i, 0*p + 172 = -4*v + 4*p. What is the units digit of (-8625)/v + 2/(-4)?
7
Let n = 73 + -80. Let l be ((-28)/n)/(6/573). Suppose -l = -5*x + 3*f - 4, -4*f + 406 = 5*x. What is the tens digit of x?
7
Suppose 5*s - 25951 = -2*x, -10701 = -4*s - x + 10058. What is the tens digit of s?
8
Let g(a) = a**2 + 11*a - 355. Let m be g(-16). Suppose 2*c + 5*u = -265, 6 = -4*c - 2*u - 532. Let k = c - m. What is the hundreds digit of k?
1
Let p(z) = 4*z**2 - z - 1. Let g = 42 - 40. Let x be (g/3)/((-16)/24). What is the units digit of p(x)?
4
Let i(k) be the third derivative of -k**6/24 + k**5/20 - k**4/8 + k**3/2 - 3*k**2. Let h be i(3). Let l = 358 + h. What is the units digit of l?
4
Suppose -s + 4*b - 2 = 0, -5*s + 3*b = -0*b - 7. Suppose 0 = q, 246 - 1106 = -s*c + q. What is the hundreds digit of c?
4
Let q = 380 + -170. Suppose -2*x - 3*x - q = 0. Let h = x + 92. What is the tens digit of h?
5
Suppose 0 = 5*k + 3*g + 1604, k - 12*g = -11*g - 316. Let t = 25 - k. What is the units digit of t?
4
Let a(w) be the first derivative of -w**2/2 + w - 21. Let z(p) = 5*p + 108. Let l(m) = 4*a(m) + z(m). What is the units digit of l(0)?
2
Suppose 5*u = 4*a - 5, 4*u - 2*a = u - 1. Let i be (2/u)/((-22)/(-33)). Suppose i + 98 = 3*w - 4*o, -4*w + 3*o = -139. What is the units digit of w?
7
Suppose -4*m - 4*g = -28, -2*m + 3 = -5*m + 3*g. Suppose -j = -2, -4*j + 6 - m = -5*d. What is the units digit of d?
1
Let j(u) = 3*u**3 - 17*u**2 - 38*u - 463. Let m(r) = r**3 - 5*r**2 - 13*r - 155. Let b(n) = 2*j(n) - 7*m(n). What is the units digit of b(-8)?
5
Suppose -20*o - 12 = -23*o. Suppose 0 = o*r - 7*r - 3*w + 1164, 0 = 4*r - 5*w - 1570. What is the tens digit of r?
9
Let p = 50499 - 25375. What is the hundreds digit of p?
1
Suppose 5*k = 2*o + 3*k - 113054, 0 = -2*o + 5*k + 113063. What is the hundreds digit of o?
5
Suppose 19*h = 22*h - 816. Let q = h + -68. What is the units digit of q?
4
Suppose 0 = 4*u + 4, -d - u = -4*u. Let y be (-1)/(15/230) + 2/d. What is the hundreds digit of (-3272)/y - (-3)/6?
2
Let q(x) = 132*x + 2175. What is the hundreds digit of q(24)?
3
Suppose -7961 = -16*c + 13879. Suppose 5 = -s + 14. Suppose -2*q - c = -s*q. What is the tens digit of q?
9
Let r(f) = -f**2 - 7*f + 7. Let i be r(-8). Let q be (-41)/i - 3/1. Let j = q + 24. What is the tens digit of j?
6
Suppose 50*i = -3*l + 46*i + 14009, -5*i - 5 = 0. What is the thousands digit of l?
4
Let p = 41 - 38. Suppose -4*w + p*q = -w - 252, 312 = 4*w + 4*q. Let o = w - 11. What is the tens digit of o?
7
Suppose 5*x - 33 = -8. Suppose x*n + 8 = -3*b, 5*b - 36 = -n + 5*n. Suppose 0 = 3*h - 22 + b. What is the units digit of h?
6
Let s = -1274 - -7272. What is the thousands digit of s?
5
Let u(q) = q**2 + 6*q - 54. Let n be u(-11). Let o be ((-3)/(-5))/(n/515). Suppose -r = -0*r + 2*k - o, r + 3*k = 313. What is the hundreds digit of r?
3
Suppose -207*q = -37*q - 419730. What is the tens digit of q?
6
What is the hundreds digit of 114/(-57)*(-4566)/4?
2
Let h = -360 - -365. Suppose h*p = q - 3*q + 1198, -4 = -2*p. What is the units digit of q?
4
Suppose 0 = -2*z + 9 - 1. Let d be (2/3)/(340/(-100) + 1956/540). Suppose 5*b - 3*a + 0*a = 469, -377 = -z*b + d*a. What is the units digit of b?
2
Suppose 3*c - 4430 = -g, 2 = 2*c - 4. What is the tens digit of g?
2
Let v(r) = -1388*r + 11455. What is the tens digit of v(-60)?
3
Let i = 63 + -247. Let k = i + 288. Let x = 134 - k. What is the tens digit of x?
3
Let s be 2 + 48/(-21) + (-553)/(-49). Let p = 11 - 11. Suppose -x + s = u, x - 3*u + 5 = -p*u. What is the units digit of x?
7
Suppose c = 0, 1292 = -4*m - 3*c - 168. Let y = m - -661. Suppose -3*q - 2*i + 241 = -199, -2*q - 4*i = -y. What is the hundreds digit of q?
1
Let a(t) = 14131*t + 9542. What is the tens digit of a(5)?
9
Suppose 0 = -3*t + 12, -v + 14*t = 16*t - 13. Suppose -351 = -2*g + b, -v*g - 2*b = -0*b - 882. What is the units digit of g?
6
Suppose 48355 = 7*s - 5*v, 3*v - 8537 = -4*s + 19112. What is the thousands digit of s?
6
Suppose 0 = -1123*n + 1145*n - 57618. What is the thousands digit of n?
2
Let j(p) = 3*p**2 - 79*p - 4036. What is the hundreds digit of j(121)?
3
Suppose 11*y = -2254 + 340. What is the hundreds digit of (-1)/6 - 63017/y?
3
Let w(q) = q**2 - q - 2. Let t(c) = 8*c**2 - 2*c + 5. Let p(g) = t(g) - 6*w(g). What is the tens digit of p(16)?
9
Let x(o) = -323*o + 8. Let z be (17/85)/(1/(-5)). What is the units digit of x(z)?
1
Let b(f) = 4*f - 2*f - f + f**3 + 34*f**2 - 32*f**2 - 14. Let h be b(0). What is the tens digit of 3177/21 - ((-46)/h - 3)?
5
Let a(i) = 873*i**2 + 3*i - 3. Let k be a(1). Let b = k - 418. What is the hundreds digit of b?
4
Let a = 842 + 7528. What is the hundreds digit of a?
3
Suppose 82743 - 18132 = 20*n - 20349. What is the units digit of n?
8
Let k(i) be the second derivative of 3*i**5/10 + i**4/6 + 2*i**3/3 - 5*i**2 + 9*i. What is the tens digit of k(3)?
8
Suppose -5*q - 5*m = -12140, -4*q + 46*m + 9697 = 47*m. What is the hundreds digit of q?
4
Let l(o) = -10*o**2 - 3*o + 1. Let s be l(2). Let t = s - -101. Suppose -z + 70 = 2*b - 15, 0 = b + 5*z - t. What is the tens digit of b?
4
Suppose -2*d - 9*f + 11*f = -28, -42 = -3*d - 3*f. What is the hundreds digit of 1743 - 2 - (d + -16)?
7
Let i(t) = 30*t + 2. Let l(r) = -30*r - 3. Let z(h) = -2*i(h) - 3*l(h). Suppose 22 = -8*j + 46. What is the tens digit of z(j)?
9
Let p = -5426 - -5904. What is the tens digit of p?
7
Suppose 71*q - 358408 - 397318 - 125952 = 0. What is the ten thousands digit of q?
1
Let x(p) = 59*p + 1996. What is the units digit of x(53)?
3
What is the thousands digit of (-7 + 22)/(36/25392)?
0
Suppose 3*j - n + 2*n = 6823, -3*j = -n - 6815. What is the units digit of j?
3
Let j = 17114 - 16996. What is the hundreds digit of j?
1
Let o = 32 - 29. What is the units digit of (-3 - 1) + 138*o + -1?
9
Let g(t) = -13*t**3 + 3*t**2 + t. Let l be g(2). What is the tens digit of 2/15 - 9708/l?
0
Let t be 12*(18/117 + 62/104). Suppose s + 5*l + 11 = 0, 5*s = 2*s - l + t. Suppose -2*u = -0*u - 2*p - 426, s*u + p - 842 = 0. What is the hundreds digit of u?
2
Let f(n) = -3*n**3 - 17*n**2 - 7*n + 32. What is the thousands digit of f(-12)?
2
Let u(x) = 196*x**2 - 109*x - 83. What is the tens digit of u(11)?
3
Let i(c) = -c**2 + 22*c - 64. Let p be i(18). Let k(x) = 23*x**2 - 143*x + 12. What is the hundreds digit of k(p)?
3
Let i(g) = -g**2 + 2*g + 39. Let k be i(7). Suppose 22 = -k*n - 2. Let l(x) = x**3 + 9*x**2 + 8*x + 14. What is the units digit of l(n)?
4
Suppose 4*h + 18 - 51 = d, -3*d = 3*h - 21. Suppose h*q - 28 + 4 = 0. Let m(p) = 37*p - 7. What is the hundreds digit of m(q)?
1
Suppose -41*a + 27400 = -39*a. What is the units digit of a?
0
Suppose 8*i = 9*i + 155. What is the units digit of i/25 + 6 - 3731/(-5)?
6
Suppose 0 = 3*j - 15, 64*b - 3*j + 41223 = 67*b. What is the thousands digit of b?
3
Suppose 9*o = 4*o + 5*d + 31045, o = -d + 6211. What is the units digit of o?
0
Let p(u) = -u**3 + 10*u**2 - 6*u + 2. Let f = 171 - 162. What is the units digit of p(f)?
9
Let p(b) = -b**2 + 188*b - 1445. What is the thousands digit of p(102)?
7
Let h = -780 - -2260. Suppose -p = 4*p - h. What is the units digit of p?
6
Suppose 5*v = -3*b + 1882, 4*b - 4*v - 67 = 2421. Let o = b - 438. What is the hundreds digit of o?
1
Suppose -2*n - 2*v = -233 - 191, -n = 4*v - 203. Suppose 207 = 5*u - 3*j, -5*u + 2*j + n = 7*j. Suppose -9 = 3*l - u. What is the tens digit of l?
1
Let m be 0/(-8) + (-4)/2 - -12. Let n(x) = 2*x**3 - 19*x**2 - 5*x - 30. What is the tens digit of n(m)?
2
L